 + 35 = 3*f - 0*f, -5*f - 2*w + 69 = 0. Suppose 13*u - 8 = 9*u. Suppose -l + u*l = f. Calculate the remainder when 25 is divided by l.
12
Let q(f) = -f**2 - 6*f - 4. Let y be q(-5). Let c be (5/10)/(y/(-30)). Let l = 23 + c. Calculate the remainder when l is divided by 5.
3
Let h(c) = 5 - 16 + c + 9 + 0*c. What is the remainder when h(5) is divided by 2?
1
Let v(x) = 3*x + 4. Let j(y) = y**2 + 4*y. Let d(z) = z**2 + 5*z. Let l(s) = -4*d(s) + 3*j(s). Calculate the remainder when v(5) is divided by l(-7).
5
Let y = -45 + 56. What is the remainder when 16 is divided by y?
5
Suppose 5*r = 2*r. Suppose r*t - 2*t = -64. Calculate the remainder when t is divided by 17.
15
Suppose 2*y + 2*w = 4*w + 50, 5*w = 4*y - 101. Suppose 4*n - y = 4*x, x = 2*x + 2*n + 3. Let m = 11 + x. What is the remainder when m is divided by 4?
2
Let n be 7 - (0 - (-2 + 0)). Suppose -3*i + 13 = 2*z - 4, -23 = -i - n*z. Suppose h = i*h - 46. Calculate the remainder when h is divided by 8.
7
Let x be 4 + 6/(-1*3). Suppose 19 + 1 = 5*t. Calculate the remainder when 3 + (x/2 - -1) is divided by t.
1
Suppose -5*z = h - 25, 2*z - z + 2*h + 4 = 0. Calculate the remainder when 10 is divided by z.
4
Let u(m) = -6*m - 8. What is the remainder when u(-3) is divided by (2/3)/((-1)/(-6))?
2
Suppose -2*u + 4 = w, -2*u - 2*u = 4*w - 4. Suppose 4*j + u*r - 45 + 6 = 0, 39 = 2*j - 5*r. Calculate the remainder when 71 is divided by j.
11
Let c be -3 + 4 - (-3)/1. Let s(g) = -1 + 2*g**2 + c*g**2 + 5*g**2 - 4*g**2. What is the remainder when 17 is divided by s(1)?
5
Let u = -29 - -40. Let y be 0/(3*(-4)/6). Suppose -j + 5*j - 128 = y. What is the remainder when j is divided by u?
10
Let x = 25 - 21. Suppose x*q - 123 = 1. Calculate the remainder when q is divided by 8.
7
Let m = 454 - 285. Suppose -5*u + 16 = -m. Calculate the remainder when u is divided by 14.
9
Suppose 3*h + b = 3*b - 150, 4*h + 199 = 3*b. What is the remainder when ((-1)/2)/(2/h) is divided by 7?
6
Suppose 4*g - 16 = 16. Let y(w) = w**3 - 10*w**2 + 12*w - 13. Suppose -m + 4*m + o - 23 = 0, -4*o = 3*m - 11. What is the remainder when y(m) is divided by g?
6
Let a(y) = -4*y**2 - 19*y. Let s(o) = o**2 + 6*o. Let r(v) = -2*a(v) - 7*s(v). Calculate the remainder when r(6) is divided by 7.
5
Suppose -4*a + 2*l + 6 = 0, -5*a + 0*a = l + 3. Suppose 16 = s - 4*w, a = 2*s - 0*s - 4*w - 32. What is the remainder when s is divided by 6?
4
Let p = 21 + -13. Suppose 4*l = 4*t - 4, 2*l + p = -l + 4*t. Let y = -18 - -24. Calculate the remainder when y is divided by l.
2
Let u(k) = -6*k**2 + 7*k + 5. Let l be u(4). Let f = -24 - l. Calculate the remainder when f is divided by 10.
9
Suppose 5*p + g = 136, -p + 0*g + 24 = g. Calculate the remainder when 6 is divided by (-4)/6 - p/(-6).
2
Let q(n) = 11*n - 20. Let c(l) = 13*l - 1. What is the remainder when q(5) is divided by c(1)?
11
Let n be (-1)/(-3)*2*9. Suppose m - n = -0*m. Calculate the remainder when 21 is divided by (-144)/8*(-4)/m.
9
Suppose -5*i = 3*t - 501, -2*i + 3*t = -4*i + 204. What is the remainder when i is divided by 20?
19
Suppose r = -r. Suppose -16 = -2*t - r. Calculate the remainder when 15 is divided by t.
7
What is the remainder when (-24)/(-56) - 232/(-14) is divided by 10?
7
Let x(s) = -s**3 - 2*s**2 - s - 1. Let d = -57 - -37. Let f = d + 41. Calculate the remainder when f is divided by x(-3).
10
Let l = 1 + 13. Let c = l - 1. Calculate the remainder when c is divided by 4.
1
What is the remainder when (-3 + 4)/1*251 is divided by 63?
62
Let h = -93 + 169. Suppose 0 = -3*x - 13 + h. Suppose 0 = -4*t + 65 - x. What is the remainder when 32 is divided by t?
10
Let g(s) = -4*s**3 + 2*s**2 - s - 2. Let n = 0 + 14. Calculate the remainder when g(-2) is divided by n.
12
Suppose 3*s + 3*d - 15 = -s, -5*s = 5*d - 15. Suppose l = 3*l - 18. What is the remainder when l is divided by s?
3
Suppose 5*x - 212 = -4*u, -4*x + 3*u + 118 + 33 = 0. Let m be -1*(-1 - 0) - 7. Let j = m + 20. What is the remainder when x is divided by j?
12
Let n(v) be the third derivative of 0*v**4 + 1/6*v**3 - v**2 + 0 + 0*v + 3/10*v**5. What is the remainder when n(1) is divided by 7?
5
Let m be 2/(-11) - 105/(-33). Suppose 5*k - 141 = m*i, 2*k - 71 = 2*i - 17. Suppose -k + 8 = -2*v. Calculate the remainder when 31 is divided by v.
9
Let z = 1 + -1. Calculate the remainder when 25 is divided by -12*(z - 3/4).
7
Let a be -1 - (4 - 2)/1. What is the remainder when (1*-2)/(-1) - -53 is divided by 3/(-2)*28/a?
13
Let w = 150 + -65. Calculate the remainder when w is divided by 22.
19
Suppose 2*g + 5*x = -g - 131, 3*g + 166 = 2*x. Let o = -15 - g. Calculate the remainder when o is divided by 19.
18
Suppose -4*b - 6 = -5*b. Calculate the remainder when 13 is divided by b.
1
Let h(z) = z**2 - 8*z - 7. Let c be h(-7). Suppose 0 = -5*x - 3*w + 220, 3*x - 5*w = -0*w + c. Let u = 10 + 4. Calculate the remainder when x is divided by u.
13
Let f(j) = j**3 - 6*j**2 + 5*j + 6. Let s be f(5). Calculate the remainder when -9*(7/(-3) + -1) is divided by (-2)/(-6) + 94/s.
14
Suppose 0*f - 4*f - k + 66 = 0, -10 = -5*k. Suppose -3*u - 184 = -7*u. What is the remainder when u is divided by f?
14
Suppose -3*z - 20 = -7*z. What is the remainder when 46 is divided by (24/10)/(1/z)?
10
Suppose 4*x - 9*x = -205. Let d = 0 + 0. What is the remainder when x is divided by (-7 - d)/((-1)/2)?
13
Let b = 0 - -1. Let t be 3*6/9*b. Suppose 122 = 5*f + y, 0*y = -f + t*y + 31. What is the remainder when f is divided by 9?
7
Let c = 13 - 8. Suppose 1 = -c*o + 51. Calculate the remainder when o is divided by (-2)/(-6) - 17/(-3).
4
Let w(m) = -1 + 7 - 6 + 9 - m. Calculate the remainder when 33 is divided by w(0).
6
Let p(u) = -90*u**2 - u - 1. Let i be p(-1). What is the remainder when 44 is divided by -2*(i/4)/3?
14
Suppose 2*x - 33 = -17. Let v = 12 - x. Calculate the remainder when v is divided by 4.
0
Let n(f) = f**3 - 7*f**2 + 6*f + 4. Let p(i) = -i - 3. Let q = -20 + 14. What is the remainder when n(6) is divided by p(q)?
1
Suppose 69 = 2*i - 3*q, -3*q = -3*i - 0*q + 96. What is the remainder when i is divided by 7?
6
Let y(j) = -2*j + 5*j + 0*j**3 - j**3 + 7 - 6*j**2 + 2*j. What is the remainder when 41 is divided by y(-7)?
20
Let i(q) = -q**3 + 8*q**2 - 8*q + 4. Let s be i(7). Let j be (s/2)/(2/12). Let w = -5 - j. What is the remainder when 14 is divided by w?
2
Let o(k) = 2*k**2 - 8*k - 2. Let a be -3*(8/(-3) - -2). Suppose 12 = 3*d + 4*l - 2, 5*d = a*l + 32. What is the remainder when o(6) is divided by d?
4
Let a be ((-4)/5)/((-2)/335). Suppose 6*i - 4*i + a = 0. Let n = -47 - i. Calculate the remainder when n is divided by 7.
6
Suppose 3*d - 11 = 1. Suppose d*g + g = 15. What is the remainder when 5 is divided by g?
2
Suppose 4*o - 22 = 2*v, 5 = 5*o - 4*v - 18. Let t = 1 + o. Calculate the remainder when t is divided by 3.
2
Suppose 0 = -j + 3*n + 5, 3*j = 3*n - 6*n + 3. Let g(x) = -3*x**2 - x**3 - 5*x + j - 2 + 2. Calculate the remainder when g(-4) is divided by 20.
18
Let u(s) = -2*s**2 + 15*s**2 + 1 - 11*s**2. Calculate the remainder when u(3) is divided by (-102)/(-14) - (-4)/(-14).
5
Suppose 0*g = 5*g - 125. Calculate the remainder when g is divided by 9.
7
Let q(c) = -2*c - 4. Let y be q(-9). Suppose 2*i = 4*i - y. Calculate the remainder when 13 is divided by i.
6
Suppose 12 = 4*a - 28. Let g(v) = 6*v**2 + 3*v + 1. What is the remainder when g(-2) is divided by a?
9
Let u(w) = -w**3 - 9*w**2 + 16*w + 15. Calculate the remainder when u(-11) is divided by 28.
25
Suppose -4*n - 32 = -r, 4*r + 84 = 6*r - 4*n. Suppose -3*j + r = j. Calculate the remainder when 51 is divided by j.
12
Let i(r) = -r**2 - 6*r + 1. Let y(p) = -3*p + 1. Let s be (-4)/(0 + (-4 - -2)). Let f be y(s). Calculate the remainder when i(f) is divided by 4.
2
What is the remainder when 29 is divided by (-111)/(-6) - (-3)/(-2)?
12
Let r(x) = -x + 7. Let n be r(5). Suppose -2*h = -s + 3 - 14, -n*h = -4*s - 14. Let u(c) = c**2 - 5*c + 3. What is the remainder when h is divided by u(5)?
2
Let b(p) = p**2 + 2*p. Let l be b(-2). Suppose -w + 3*a + 20 = l, -w - 40 = -3*w + 5*a. Calculate the remainder when 58 is divided by w.
18
Let o = 25 + -14. What is the remainder when 65 is divided by o?
10
Let s(u) = -u**2 - 8*u. Let x be s(-8). Let h be (x - 0)*-1 - 3. Le